199
What are the prime factors of 490620?
2, 3, 5, 13, 17, 37
What are the prime factors of 231934?
2, 89, 1303
What are the prime factors of 21566981?
29, 743689
What are the prime factors of 1840756?
2, 460189
What are the prime factors of 162286?
2, 53, 1531
What are the prime factors of 7756082?
2, 43, 90187
What are the prime factors of 1459715?
5, 29, 10067
List the prime factors of 2129380.
2, 5, 11, 9679
What are the prime factors of 31061280?
2, 3, 5, 163, 397
List the prime factors of 327852.
2, 3, 7, 1301
List the prime factors of 298198.
2, 149099
List the prime factors of 67014.
2, 3, 17, 73
List the prime factors of 525420.
2, 3, 5, 7, 139
What are the prime factors of 15267068?
2, 3816767
What are the prime factors of 10286547?
3, 17, 101, 1997
List the prime factors of 137970.
2, 3, 5, 7, 73
List the prime factors of 354625.
5, 2837
What are the prime factors of 1356107?
17, 241, 331
What are the prime factors of 4663212?
2, 3, 79, 4919
What are the prime factors of 218733?
3, 72911
What are the prime factors of 978263?
11, 13, 6841
What are the prime factors of 24403014?
2, 3, 31, 101, 433
List the prime factors of 499255.
5, 31, 3221
What are the prime factors of 197529?
3, 65843
List the prime factors of 4955063.
107, 46309
What are the prime factors of 756871?
29, 26099
What are the prime factors of 6332123?
7, 18461
List the prime factors of 11185168.
2, 699073
What are the prime factors of 5172035?
5, 11, 271, 347
List the prime factors of 59062.
2, 29531
List the prime factors of 65109.
3, 11, 1973
List the prime factors of 9471217.
7, 233, 5807
What are the prime factors of 8651698?
2, 11, 479, 821
What are the prime factors of 177889?
177889
List the prime factors of 4044791.
157, 25763
List the prime factors of 749721.
3, 7, 19, 1879
What are the prime factors of 568724?
2, 13, 10937
What are the prime factors of 14835954?
2, 3, 7, 353237
What are the prime factors of 2758105?
5, 7, 78803
What are the prime factors of 1224280?
2, 5, 127, 241
List the prime factors of 11428133.
151, 75683
What are the prime factors of 236527?
236527
What are the prime factors of 2200733?
173, 12721
List the prime factors of 176754.
2, 3, 89, 331
List the prime factors of 1046652.
2, 3, 87221
List the prime factors of 590183.
11, 53653
What are the prime factors of 7603678?
2, 3801839
List the prime factors of 220958.
2, 110479
List the prime factors of 1478471.
1478471
What are the prime factors of 3550984?
2, 443873
What are the prime factors of 7633267?
7633267
List the prime factors of 1521.
3, 13
What are the prime factors of 533178?
2, 3, 19, 1559
List the prime factors of 950229.
3, 7, 15083
What are the prime factors of 9468348?
2, 3, 789029
List the prime factors of 277965.
3, 5, 29, 71
List the prime factors of 2746175.
5, 109847
List the prime factors of 4344875.
5, 34759
What are the prime factors of 3133292?
2, 783323
List the prime factors of 244483.
41, 67, 89
List the prime factors of 547722.
2, 3, 7, 23
List the prime factors of 9746454.
2, 3, 71, 137, 167
List the prime factors of 7257258.
2, 3, 403181
List the prime factors of 3253308.
2, 3, 271109
What are the prime factors of 1966190?
2, 5, 97, 2027
List the prime factors of 214710.
2, 3, 5, 17, 421
List the prime factors of 1108310.
2, 5, 7, 71, 223
What are the prime factors of 2417328?
2, 3, 16787
List the prime factors of 107610.
2, 3, 5, 17, 211
List the prime factors of 6251043.
3, 2083681
What are the prime factors of 3261934?
2, 13, 109, 1151
List the prime factors of 24612.
2, 3, 7, 293
List the prime factors of 6613174.
2, 3306587
List the prime factors of 210832.
2, 13177
List the prime factors of 459349.
11, 41759
List the prime factors of 675900.
2, 3, 5, 751
What are the prime factors of 160465?
5, 67, 479
List the prime factors of 152728.
2, 17, 1123
What are the prime factors of 262010?
2, 5, 7, 19, 197
List the prime factors of 161327.
29, 5563
List the prime factors of 1831490.
2, 5, 23, 7963
What are the prime factors of 1642522?
2, 7, 23, 5101
List the prime factors of 593373.
3, 11, 17981
List the prime factors of 1206199.
1206199
List the prime factors of 2864082.
2, 3, 13, 73, 503
List the prime factors of 2208651.
3, 461, 1597
What are the prime factors of 80234?
2, 7, 11, 521
List the prime factors of 8806578.
2, 3, 11, 17, 47, 167
List the prime factors of 1681677.
3, 59, 3167
List the prime factors of 10602107.
10602107
What are the prime factors of 110361?
3, 36787
List the prime factors of 2681942.
2, 113, 11867
What are the prime factors of 2007284?
2, 501821
What are the prime factors of 19205426?
2, 9602713
What are the prime factors of 1729720?
2, 5, 83, 521
What are the prime factors of 222886?
2, 111443
What are the prime factors of 7437149?
7437149
List the prime factors of 1531730.
2, 5, 47, 3259
What are the prime factors of 287688?
2, 3, 11987
What are the prime factors of 16077647?
37, 571, 761
List the prime factors of 2081102.
2, 37, 28123
List the prime factors of 42583.
97, 439
List the prime factors of 1276704.
2, 3, 11, 13, 31
List the prime factors of 360083.
61, 5903
What are the prime factors of 3679005?
3, 5, 11, 2027
What are the prime factors of 9846535?
5, 1969307
List the prime factors of 928994.
2, 11, 42227
List the prime factors of 1412598.
2, 3, 11, 17, 1259
What are the prime factors of 18559304?
2, 29, 79997
What are the prime factors of 2755632?
2, 3, 11, 17, 307
What are the prime factors of 5564029?
5564029
List the prime factors of 1601574.
2, 3, 13, 20533
List the prime factors of 41324.
2, 10331
What are the prime factors of 1460864?
2, 101, 113
What are the prime factors of 50969?
50969
What are the prime factors of 2157578?
2, 1078789
List the prime factors of 818793.
3, 90977
List the prime factors of 1330280.
2, 5, 7, 4751
What are the prime factors of 954595?
5, 71, 2689
List the prime factors of 762216.
2, 3, 7, 13, 349
List the prime factors of 4018816.
2, 31397
What are the prime factors of 6211854?
2, 3, 11, 137, 229
What are the prime factors of 80163?
3, 2969
What are the prime factors of 352723?
7, 41, 1229
List the prime factors of 14798742.
2, 3, 7, 37, 89, 107
List the prime factors of 13853.
7, 1979
What are the prime factors of 7285846?
2, 47, 77509
What are the prime factors of 643814?
2, 487, 661
What are the prime factors of 118178?
2, 37, 1597
List the prime factors of 4886762.
2, 19, 128599
List the prime factors of 204734.
2, 102367
What are the prime factors of 4950589?
7, 23, 97, 317
What are the prime factors of 2886105?
3, 5, 192407
List the prime factors of 3385179.
3, 7, 17911
List the prime factors of 81927.
3, 9103
What are the prime factors of 5877175?
5, 19, 12373
What are the prime factors of 77304?
2, 3, 3221
What are the prime factors of 1232384?
2, 29, 83
List the prime factors of 152860.
2, 5, 7643
What are the prime factors of 456273?
3, 43, 131
List the prime factors of 9220385.
5, 1844077
List the prime factors of 2314757.
37, 73, 857
What are the prime factors of 393894?
2, 3, 79, 277
List the prime factors of 1610483.
7, 23, 1429
List the prime factors of 943905.
3, 5, 62927
What are the prime factors of 307378?
2, 153689
What are the prime factors of 6210414?
2, 3, 7, 23, 2143
List the prime factors of 448814.
2, 349, 643
List the prime factors of 104885.
5, 11, 1907
List the prime factors of 984680.
2, 5, 103, 239
List the prime factors of 2814737.
43, 67, 977
What are the prime factors of 2245675?
5, 43, 2089
List the prime factors of 23316.
2, 3, 29, 67
List the prime factors of 136055.
5, 27211
What are the prime factors of 777497?
7, 109, 1019
List the prime factors of 68131.
7, 9733
List the prime factors of 23597902.
2, 11798951
List the prime factors of 456548.
2, 311, 367
What are the prime factors of 18199275?
3, 5, 151, 1607
What are the prime factors of 16941589?
7, 601, 4027
What are the prime factors of 2657691?
3, 10937
List the prime factors of 1741442.
2, 37, 101, 233
List the prime factors of 319968.
2, 3, 11, 101
List the prime factors of 1778990.
2, 5, 41, 4339
List the prime factors of 1023600.
2, 3, 5, 853
What are the prime factors of 173677?
7, 43, 577
What are the prime factors of 153057?
3, 163, 313
What are the prime factors o